e units digit of x(0)?
1
Let t(y) be the first derivative of -y**3/3 - 13*y**2/2 - 4*y - 10. Let z be t(-10). Suppose 0 = -0*h - h + z. What is the units digit of h?
6
Let c(j) = j**3 + j**2 - j + 48. Suppose 8*n = 9*n. Let r be c(n). Suppose 0 = -4*w - x + 108, 0 = -0*w + w - 5*x - r. What is the tens digit of w?
2
Let o be (-20)/(-90) - (-34)/9. Let y be 3 + 0 + 0 + 1. What is the units digit of -1*(-21 - y/o)?
2
Let n = -693 - -934. What is the units digit of n?
1
Let y(a) = 2*a**2 - 12*a + 2. Let h = 17 - 10. Let w be y(h). Suppose -2*s + w = 2*u, u = 2*s + 6*u - 4. What is the units digit of s?
2
Suppose 7*o + 712 = 11*o. What is the units digit of o?
8
Let m = -375 - -679. What is the tens digit of m?
0
Let x(v) = 2*v + 21. Let p be x(-10). Suppose -z = -2*y - 35, -z + 5*y = -p - 37. What is the tens digit of z?
3
Let p(b) = b**3 + 17*b**2 - 20*b - 92. What is the units digit of p(-13)?
4
Let g(x) = 8*x - 167. What is the tens digit of g(23)?
1
Suppose 15*k + 18*k - 11946 = 0. What is the hundreds digit of k?
3
Let j be 28/6 + (-2)/(-6). Let r be ((-58)/(-8))/((-58)/(-1160)). Suppose -2*p = j*c - r, 0*p = -c - p + 26. What is the tens digit of c?
3
Suppose 0*a + a - 29 = -5*d, -a = -3*d + 19. Suppose 15 = d*y - y. What is the tens digit of (8/y)/((-3)/(-27))?
2
Let k(c) = c**3 + 10*c**2 + c + 12. Let u be k(-10). Suppose -u*s - s + q + 14 = 0, 3 = 3*q. What is the units digit of (s + -4)/(2/6)?
3
Let i(r) = 204*r**2 - r. Let l be i(-1). Suppose -l = -7*n + 467. What is the units digit of n?
6
Suppose l = 2*l. Suppose l = 5*q + 5*y, -7 + 1 = 5*q + 3*y. What is the tens digit of 16 + (-2)/((-2)/q)?
1
Let f = 96 - 54. What is the units digit of f/(-4)*14/(-3)?
9
Let z(f) = -f**2 - 11*f - 9. Let l be z(-10). Suppose 5*r - 3*r = v - 33, 5*r - 5*v = -90. What is the tens digit of 43*l + r/5?
4
Suppose -k - 5*q = -1547 - 57, -6352 = -4*k - 4*q. What is the thousands digit of k?
1
Suppose -23*n = n - 49224. What is the hundreds digit of n?
0
Let h = -292 + 642. Let z = h - 193. What is the units digit of z?
7
Let t = 2973 + 127. What is the units digit of t?
0
Let s(h) = -h**3 + 19*h**2 + 13*h + 41. What is the thousands digit of s(12)?
1
Suppose f - 772 - 2119 = -4*c, 0 = -2*c + 2*f + 1448. What is the units digit of c?
3
Let y(g) = g**2 - 5*g - 8. Let a = 85 + -57. Suppose 3*l + 4*u = 20 + a, 4*u + 24 = 3*l. What is the tens digit of y(l)?
7
Let h(s) = 2*s**2 - 4*s - 3. Let r(t) be the first derivative of -t**4/4 - 2*t**3/3 + 3*t**2/2 + 6*t - 3. Let g be r(-3). What is the units digit of h(g)?
5
Let p = -1 - -9. Suppose 16*w - 13*w - 5*h = 55, w - 30 = 4*h. Suppose -p*l - 56 = -w*l. What is the units digit of l?
8
Suppose -3*f - g - 3 = 1, 5*f + 2*g = -8. Let c(t) = -t**2 + 12. What is the units digit of c(f)?
2
Suppose 0 = q + u - 63, 78 = 2*q + 4*u - 40. What is the units digit of q?
7
Let r = -13 - -27. Suppose 0 = 7*w - r - 7. Suppose 0*p + 183 = w*p. What is the units digit of p?
1
Let v(u) = -u**3 + 27*u**2 - 26*u + 3. Let q be v(26). Suppose -299 - 91 = -q*y. What is the hundreds digit of y?
1
Let q(j) = 14*j**2 + 7*j - 1. What is the tens digit of q(6)?
4
Suppose -2*f - f + 5*l + 2448 = 0, -l = 2*f - 1632. What is the hundreds digit of f?
8
Let z = 758 - 390. What is the tens digit of z?
6
Let l = -20 + 30. What is the units digit of (-1)/(-2)*(l + 108)?
9
Let b = -671 - -2305. What is the thousands digit of b?
1
Suppose 0 = -3*u + 3, -u = -i + 14 - 13. Suppose 5*q - 837 = -4*g, -i*q + 1305 = 5*g + 263. What is the tens digit of g?
0
Suppose -5*i + 14*b + 20 = 12*b, 2*b = -5*i + 20. Suppose -k - 172 = -y - 48, i*y - 492 = 2*k. What is the units digit of y?
2
Suppose -9*d = -4*d - 20. Suppose 5*h - d*h = -28. Let j = -12 - h. What is the units digit of j?
6
Let o(k) = -k**3 - 24*k**2 - 25*k - 49. Let y be o(-23). What is the tens digit of (2/(-9))/((-1)/(-48))*y?
3
Let m(r) = -28*r - 6. Let d(x) = 2*x + 1. Let s(h) = 8*d(h) + m(h). What is the units digit of s(-6)?
4
Let u(k) = -227*k**2 + 248*k**2 + 0 - 17 + k**3 + 17*k. What is the units digit of u(-20)?
3
Let d be 5/(-35) - 64/(-7). Suppose 0*q - d = -3*q. Suppose -2*f - 19 = -q*f. What is the units digit of f?
9
Suppose 3*d + 3*s - 5*s + 4 = 0, 0 = -d - s + 2. Suppose d = 3*z - z - 6. Suppose z*k - 35 = 19. What is the tens digit of k?
1
Let w(d) = 4*d + 2. Let r(b) = -b + 1. Let m(y) = -2*r(y) - w(y). Let h be m(-5). What is the units digit of 105/h - (-6)/(-4)?
6
Let l = 45 + -43. Suppose 3*a - l*z = 5*a - 122, -3*a + 3*z + 207 = 0. What is the units digit of a?
5
Let j = 5 - 8. What is the units digit of 36 + (-3)/(-3) + j?
4
Suppose c - 3*v - 3 = 24, 5*c - 3*v - 99 = 0. Let o be ((-5)/3)/(-10*(-8)/(-240)). Suppose -2*q = -s - 5 + c, -o*s = -5*q - 85. What is the tens digit of s?
2
Suppose -255 = 39*z - 40*z. Suppose -1235 = -5*v - 5*l, 0 = -2*v + 3*v - l - z. What is the hundreds digit of v?
2
Suppose -13*r + 10*r - 6 = -4*c, 0 = 4*r + 3*c - 17. Let p(t) = t + 58. Let x be p(0). Suppose 2*k = 5*l + 121, x = k - 4*l + r. What is the units digit of k?
8
What is the units digit of (-1)/((-3)/24)*74?
2
Let h(z) be the third derivative of 3*z**4/8 - 5*z**3/2 - 5*z**2. What is the units digit of h(9)?
6
Let b = -6 + 9. Suppose w + 5*p + 60 = 2*w, b*p + 12 = 0. What is the units digit of w?
0
Let d(h) = -h**2 - 6*h - 5. Suppose -2*w - 4*x = 24, 0 = 3*w - w + 2*x + 16. What is the units digit of d(w)?
3
Let s = -2 + 6. Let b be ((-10)/(-6))/(s/12). Suppose -b*g - 4*a + 2*a + 144 = 0, 0 = 5*a + 15. What is the units digit of g?
0
Let j(h) = h**2 - 13*h + 15. Let i be j(12). Suppose 0 = -5*u + i*m + 423, 2*m - 425 = -5*u + 18. What is the units digit of u?
7
Suppose -1148 = -4*g + 4*c, 3*g - 594 = -4*c + 232. What is the units digit of g?
2
Let k = -26 - -11. Let c be k/1*4/5. Let i = -3 - c. What is the units digit of i?
9
Suppose 2*z - 16 = -3*c, 0*c = -5*c + 4*z + 56. Suppose -2*s = 2 - c. Let p(l) = 12*l - 4. What is the units digit of p(s)?
2
Suppose -2*n + 2*z + 1322 = 0, -13*n + 17*n - z - 2656 = 0. What is the tens digit of n?
6
Let x(b) = b**3 - b**2 - 8*b - 28. What is the hundreds digit of x(8)?
3
Let o(q) = 2*q + 156. What is the tens digit of o(-13)?
3
Suppose 2*w - 5*a - 4220 = 0, 152*a - 2121 = -w + 149*a. What is the units digit of w?
5
Let m = 1211 + -656. What is the units digit of m?
5
Let z be (-1510)/(-50) + 2/(-10). Let i be 2*5/(z/9). What is the tens digit of (i/2)/(6/88)?
2
Let z(c) = 2*c**2 + 7*c + 5. Let d be z(-5). Let y be ((-135)/d)/(2/16). What is the tens digit of y/(-90) - (-397)/5?
8
Let k be 115/20 - 3/(-12). Suppose -k*y = -y - 125. Let s = y - -5. What is the units digit of s?
0
Suppose -338 + 113 = -5*w. Suppose -s + 5*v = -46, s + v = -5 + w. What is the tens digit of s?
4
Let r(q) = -q**2 + 24*q + 2. Let k(f) = f**3 + 4*f**2 - 8*f - 8. Let u be k(-5). What is the hundreds digit of r(u)?
1
Let r be (-126)/(-10) + 8/20. Suppose -n - 5*s - 19 = 0, -4*s - 24 - 2 = -n. Suppose -n = -5*b - 4*z + r, -3*z = -b. What is the units digit of b?
3
Let d = 1300 + -1285. What is the units digit of d?
5
What is the tens digit of (2 - 5)/((-30)/210)?
2
Suppose -109*x - 1768 = -113*x. What is the units digit of x?
2
Suppose j - 2 + 6 = 0, 4*v = j - 44. Let f = v + 24. What is the tens digit of f?
1
Let g = 103 + -100. What is the units digit of ((-216)/g)/(3*2/(-6))?
2
Let g be ((-4)/(-6))/(6/(-36)). Let w be 10/g*60/(-75). Suppose -4*t + 2*t - 26 = -r, 5*r = w*t + 138. What is the units digit of r?
8
Let n(a) = -18*a**3 + 2*a**2 + 2*a. Let x(m) = m**3 - 2*m**2 - 1. Let i be x(2). What is the tens digit of n(i)?
1
Let w(s) = -2*s**2 - 8*s - 3. Let g be w(-3). Suppose 0 = -g*y + 5*m + 525, -2*y + 0*y = 3*m - 369. What is the hundreds digit of y?
1
Let d(u) = -10*u**3 + 5*u**2 + 6*u + 5. What is the tens digit of d(-4)?
0
Let c be (-92)/(-6)*(-7 + 4). Let t = c + 76. What is the units digit of t?
0
Suppose -h + 2*h = 0. Let b(f) = -f + 25. Let t be b(h). Suppose -t = -2*j + 7. What is the tens digit of j?
1
Let x = -1355 + 3841. What is the units digit of x?
6
Let t(g) = -g**2 + 16*g - 13. Let h be t(15). Suppose -r - 9 = -2*c, 0 = c - h*c + 5*r + 9. What is the tens digit of 35 - ((-5)/(-1) - c)?
3
Let s = 8 + -6. Suppose -s*k - 4*f + 6 = 0, 6*k - k - 2*f = -9. W